 + 4/10. Let g = 19 - f. What is the units digit of g?
4
Let g(z) = z**3 - 4*z**2 - 5*z + 2. Let b be g(5). Suppose -w = b*h + 2*h + 221, h = w - 49. What is the units digit of h/(-10) + (-2)/5?
5
Let s = 80 - 26. What is the units digit of s?
4
Let r(z) = z**2 + 8*z + 7. Let h be r(-7). Suppose 0 = -h*a + 2*a - 6. What is the units digit of a?
3
Suppose 3*p = 4*d - 14, 0*d = d - 4*p - 10. Suppose -3*b + 17 = d*j, 3*j - 2*b = b + 18. What is the units digit of j?
7
Let h be 2*-1 - (-2)/((-4)/(-4)). Let z(p) = 12*p - 1. Let s be z(1). Let k = h + s. What is the units digit of k?
1
Let c be -1*(3 + 0 + 2). What is the units digit of c + 6 - (-1 + -26)?
8
Let x be 23/(-3) - 2/6. Let v = x + 11. Suppose 0*m + 3 = v*m. What is the units digit of m?
1
Suppose 3*d - 2*d - 16 = 0. Let k = d - 9. What is the units digit of k?
7
Suppose 3*u = -2*u + 10. Suppose 2 = -u*k + 12. What is the units digit of k?
5
Let v = 1 + 7. Suppose -3*y + v = -7. What is the units digit of y?
5
Suppose 2*p + 412 + 50 = -4*b, 4*p + 585 = -5*b. Let h = -67 - b. What is the units digit of h?
6
Let s be (-3)/(6/4) + 9. Suppose 3*l + 16 = s*l. Let c(t) = t. What is the units digit of c(l)?
4
Let v = -9 + 11. Suppose r + 5*x = 15, v*r - 6*r + 3*x + 14 = 0. What is the units digit of r?
5
Let m = -121 - -187. What is the tens digit of m?
6
Let q(c) = c**3 + 5*c**2 - c - 3. Let z be q(-5). Suppose 0 = 3*h + n - 13, h - 5 = -z*n + 6. What is the units digit of h?
3
Suppose -k = -4*w + 2*k + 5, w = k + 2. What is the tens digit of 2 + -4 + (-19)/w?
1
Let m = 715 + -413. What is the units digit of m?
2
Let g = 6 + -4. Let t(x) = -67*x**3 + 2*x**2 - 2*x - 2. Let y be t(g). What is the tens digit of y/(-27) + 2/9?
2
Suppose -5*m - 2*x - 201 = -509, 0 = 5*m + 4*x - 306. What is the tens digit of m?
6
Let j = -3 - -3. Let w be (9 - j)/(-3) + 13. What is the units digit of (-4)/w + 67/5?
3
Let z(y) = 2*y**2 + 5*y - 3. What is the tens digit of z(5)?
7
Let q = 53 - 29. Suppose -2*w - w = -q. What is the units digit of w?
8
Suppose -h + 145 = -5. What is the tens digit of h?
5
Let s = 63 - 9. What is the units digit of s?
4
Let i = -4 - -42. Let g be 45*(-3 + i/10). Let o = g + -20. What is the tens digit of o?
1
Let c = 2 + -3. Let t be 9/(-1)*(c + 2). What is the units digit of (-57)/t + (-2)/(-3)?
7
Let q = -7 + 12. Suppose 2*d - q = d. What is the units digit of d?
5
Suppose -3*b - 18 = 4*s, 3*b = 5*b - 5*s + 35. Let x be ((-16)/(-10))/((-4)/b). Suppose 2*z + 5 - 13 = 5*d, 0 = z + x*d - 17. What is the units digit of z?
9
Suppose 0 = 3*a - a + 10, 2*j + 2*a = 28. What is the tens digit of j?
1
Suppose -4*h + 143 - 31 = 0. Let r be 0 + 1/(1/h). Suppose -p + 5 = -z, 2*z - 4 - r = -5*p. What is the units digit of p?
6
Let f = -8 - -18. Let v be 0 - 7/((-7)/f). Suppose -6*s = -3*s - 5*h - 2, 4*s - 3*h = v. What is the units digit of s?
4
Let d = 34 - 15. Let k = 32 - d. What is the units digit of k?
3
Suppose 3*l - w - w = 132, 2*w = 0. What is the units digit of l?
4
Suppose 0 = 4*b - 1 - 3. Suppose 7 = 4*z - q - 18, 13 = z + 2*q. What is the units digit of (1 + z - b) + -2?
5
Let a be (8/(-6))/(6/(-18)). Suppose 0 = -z + a + 4. What is the units digit of z?
8
Suppose 2*k - 5 - 1 = 0. Suppose -k*m + 8*m - 50 = 0. What is the tens digit of m?
1
Let s(y) = y - 2. Suppose 0*l - l - 5 = 0. Let k(c) = c**3 + 5*c**2 - c + 3. Let f be k(l). What is the units digit of s(f)?
6
What is the units digit of 6*(-7)/(42/(-16))?
6
What is the tens digit of 25*1/((-5)/(-15))?
7
Let s = -47 - -94. What is the tens digit of s?
4
Let g(i) be the second derivative of -i**8/960 - i**5/120 - i**4/12 - 3*i. Let x(n) be the third derivative of g(n). What is the units digit of x(-1)?
6
Suppose -2*a - 2*w + 4 + 0 = 0, -3*w + 11 = -2*a. What is the tens digit of 2/(8/124) + a?
3
Let c = -11 - -20. What is the units digit of 6/c*15/2?
5
Suppose -5*j + 124 = -3*j. What is the units digit of j?
2
Suppose w - 8 = -3*w. What is the tens digit of 0 + w*(-42)/(-4)?
2
Suppose 57 = -4*i + 149. Suppose 0 = 2*o - 27 - i. What is the units digit of o?
5
Let q(c) = c**2 - c - 2. Let v be q(-5). Suppose -10*d = -8*d - v. What is the tens digit of d?
1
Let c(j) = -j**3 - 2*j**2 + j - 4. Let v be c(-3). Suppose -v*f = f - 27. Suppose -2*a + n + f = 2*n, -9 = -4*a + n. What is the units digit of a?
3
Suppose 0*f + 4*f = 5*b - 11, b = 3. Let p be (-2)/3*(f + -25). Suppose -3 + p = 3*u - n, 3*u + 5*n = 7. What is the units digit of u?
4
Suppose 3*p + 9 = 4*s + 373, -3*p + 378 = 3*s. What is the hundreds digit of p?
1
Let g = 183 + -182. What is the units digit of g?
1
What is the units digit of 29 + 3/(-12)*-4?
0
Suppose 0 = -5*j - 109 + 814. What is the hundreds digit of j?
1
Suppose 3*m - 2*x = 162, 4*m - 5*x + 3*x = 214. What is the tens digit of m?
5
Suppose 4*u - 2 = -2*k, 0 = -2*k + 4*u - u + 16. Suppose -n = -k*n. Suppose 0 = -2*a - 5*l + 32, n*a = -a + 4*l - 10. What is the units digit of a?
6
Suppose -6*h + 425 = -h. What is the units digit of h?
5
Let u(k) = -k**2 - 14 - k + 0*k**2 - 7*k. What is the units digit of u(-5)?
1
Suppose -74 = 5*z - 249. What is the tens digit of z?
3
What is the tens digit of (-51*2)/(12/(-6))?
5
Let l be -1 - 1 - (4 - 10). Let s(d) = -d**2 + d + 4. Let r be s(0). Suppose -n + 40 = l*j - 11, -r*n = 5*j - 50. What is the tens digit of j?
1
Let l = -24 - -42. What is the units digit of l?
8
Let x = 392 + -210. What is the tens digit of x?
8
Suppose -4*w - 158 = -5*t, w + 9 = 4*w. What is the units digit of t?
4
Suppose -2*l = i - 59, l - 4*i - 36 - 7 = 0. What is the tens digit of l?
3
Suppose o + 1 + 4 = 0. What is the units digit of (-1 - o)*7/4?
7
Let z be -3 - 2*-2 - -2. Let k = 18 - z. What is the units digit of k?
5
Let f = -3 - -6. What is the tens digit of (6/f - 5)*-4?
1
Let j(s) = 9*s + 16. What is the units digit of j(22)?
4
Let z(q) = -q**3 - 7*q**2 + 7*q - 7. Suppose -5*u - 40 = -0*u. What is the units digit of z(u)?
1
Let y(t) = -t**3 + 4*t**2 + 3*t + 1. Let h be y(5). Let l be 1 - (2 - h - -2). Let i = 22 + l. What is the units digit of i?
0
Suppose -x - 24 = -3*t, -4*x - 16 - 15 = t. Let z = -2 - x. What is the units digit of z?
7
Let h be (-10)/(-4)*(-12)/(-10). Suppose -h*x = -8*x. Suppose -5*o + 28 = -r - 11, 5*o - 2*r - 43 = x. What is the units digit of o?
7
Let t = 7 + 6. What is the tens digit of t?
1
Let c(l) = 5*l**3 - l**2 - l + 1. Let k be 2 - (-1)/(-2)*2. What is the units digit of c(k)?
4
Let d(t) = t**2 - 7*t + 7. What is the units digit of d(7)?
7
Let c(w) be the first derivative of w**4/4 - 2*w**3 + 2*w**2 + w + 2. Let u be c(5). Let x = u + 6. What is the units digit of x?
2
Suppose -n = 3*n - 4*s - 260, -3*n - 2*s = -175. What is the units digit of n?
1
What is the tens digit of 41/3 - (-2)/6?
1
Suppose 0 = -2*m - 2*x + 8, 0 = -2*m + 2*x + 2*x + 26. Suppose 2 = -o, 132 = -3*s + m*s + 2*o. What is the units digit of s?
4
Suppose -3*m + 1 + 29 = 0. What is the units digit of m?
0
Suppose -j + 4*w + 16 = 0, -w = -5*j - 0*w + 23. Suppose -6 - j = -5*k. Suppose 2*x + k*x - 56 = 0. What is the tens digit of x?
1
Suppose 2*i = -3*p + 1, -3*i - i = -4*p - 12. Let q(d) = 5*d**2 + d**2 + d**3 - i*d**2 + 4 + d. What is the tens digit of q(-3)?
1
What is the units digit of (4/((-12)/9))/(-3)?
1
What is the units digit of (-23)/(((-3)/6)/((-5)/(-2)))?
5
Suppose 0 = -3*w + 15 - 0. Let a(d) = d**2 - d - 1. Let r(s) = -4*s**2 + 7*s - 3. Let g(n) = -3*a(n) - r(n). What is the tens digit of g(w)?
1
Suppose -4*q - 3*r = -2*q + 129, 5*r = -4*q - 255. Let a = -15 - q. Suppose -2*y - s - 5 = -a, -5*y + 5*s + 100 = 0. What is the tens digit of y?
2
Let k be -56*(2/2)/(-2). Suppose -k = -l + 3*x, -l - 3*x = -5*x - 24. Let c = l + -7. What is the units digit of c?
9
Suppose 0 = -g + 26 + 4. What is the tens digit of g?
3
Let v(z) be the first derivative of z**4/4 + 5*z**3/3 + z**2 + 3*z + 2. Let g be v(-5). What is the tens digit of (-1 + g/3)*-3?
1
Suppose -54 = -0*w - 3*w. What is the units digit of w?
8
Suppose 37 + 32 = 3*g. What is the units digit of g?
3
Suppose 4*v - 8*v = -92. What is the tens digit of v?
2
Suppose -9*d + 43 = -8*d. What is the tens digit of d?
4
Suppose -r - 5*o + 64 = 0, 3*r - 22 = 3*o + 116. Suppose -2*g - 396 = -3*t + r, 5*g - 700 = -5*t. What is the units